{"id":58,"date":"2023-10-16T17:01:41","date_gmt":"2023-10-16T15:01:41","guid":{"rendered":"http:\/\/le-rite.fr\/?page_id=58"},"modified":"2024-03-27T18:17:54","modified_gmt":"2024-03-27T17:17:54","slug":"ressources-2","status":"publish","type":"page","link":"https:\/\/le-rite.fr\/index.php\/ressources-2\/","title":{"rendered":"Ressources"},"content":{"rendered":"\t\t<div data-elementor-type=\"wp-page\" data-elementor-id=\"58\" class=\"elementor elementor-58\" data-elementor-post-type=\"page\">\n\t\t\t\t<div class=\"elementor-element elementor-element-42d7d78 e-flex e-con-boxed e-con e-parent\" data-id=\"42d7d78\" data-element_type=\"container\" data-e-type=\"container\" data-settings=\"{&quot;background_background&quot;:&quot;classic&quot;}\">\n\t\t\t\t\t<div class=\"e-con-inner\">\n\t\t\t\t<div class=\"elementor-element elementor-element-4655fb0 elementor-widget elementor-widget-breadcrumbs\" data-id=\"4655fb0\" data-element_type=\"widget\" data-e-type=\"widget\" data-widget_type=\"breadcrumbs.default\">\n\t\t\t\t<div class=\"elementor-widget-container\">\n\t\t\t\t\t<p id=\"breadcrumbs\"><span><span><a href=\"https:\/\/le-rite.fr\/\">Accueil<\/a><\/span><\/span><\/p>\t\t\t\t<\/div>\n\t\t\t\t<\/div>\n\t\t\t\t<div class=\"elementor-element elementor-element-09b36e1 elementor-widget elementor-widget-spacer\" data-id=\"09b36e1\" data-element_type=\"widget\" data-e-type=\"widget\" data-widget_type=\"spacer.default\">\n\t\t\t\t<div class=\"elementor-widget-container\">\n\t\t\t\t\t\t\t<div class=\"elementor-spacer\">\n\t\t\t<div class=\"elementor-spacer-inner\"><\/div>\n\t\t<\/div>\n\t\t\t\t\t\t<\/div>\n\t\t\t\t<\/div>\n\t\t\t\t<div class=\"elementor-element elementor-element-d26c8b3 elementor-widget elementor-widget-heading\" data-id=\"d26c8b3\" data-element_type=\"widget\" data-e-type=\"widget\" data-widget_type=\"heading.default\">\n\t\t\t\t<div class=\"elementor-widget-container\">\n\t\t\t\t\t<h1 class=\"elementor-heading-title elementor-size-default\">Ressources<\/h1>\t\t\t\t<\/div>\n\t\t\t\t<\/div>\n\t\t\t\t<div class=\"elementor-element elementor-element-dab39e0 elementor-widget elementor-widget-heading\" data-id=\"dab39e0\" data-element_type=\"widget\" data-e-type=\"widget\" data-widget_type=\"heading.default\">\n\t\t\t\t<div class=\"elementor-widget-container\">\n\t\t\t\t\t<h2 class=\"elementor-heading-title elementor-size-default\">- Trouvez la bonne ressource p\u00e9dagogique<\/h2>\t\t\t\t<\/div>\n\t\t\t\t<\/div>\n\t\t\t\t<div class=\"elementor-element elementor-element-d1ba55b elementor-widget elementor-widget-spacer\" data-id=\"d1ba55b\" data-element_type=\"widget\" data-e-type=\"widget\" data-widget_type=\"spacer.default\">\n\t\t\t\t<div class=\"elementor-widget-container\">\n\t\t\t\t\t\t\t<div class=\"elementor-spacer\">\n\t\t\t<div class=\"elementor-spacer-inner\"><\/div>\n\t\t<\/div>\n\t\t\t\t\t\t<\/div>\n\t\t\t\t<\/div>\n\t\t\t\t\t<\/div>\n\t\t\t\t<\/div>\n\t\t<div class=\"elementor-element elementor-element-f09ad29 e-flex e-con-boxed e-con e-parent\" data-id=\"f09ad29\" data-element_type=\"container\" data-e-type=\"container\">\n\t\t\t\t\t<div class=\"e-con-inner\">\n\t\t<div class=\"elementor-element elementor-element-f752c14 e-con-full e-flex e-con e-child\" data-id=\"f752c14\" data-element_type=\"container\" data-e-type=\"container\" data-settings=\"{&quot;background_background&quot;:&quot;classic&quot;}\">\n\t\t\t\t<div class=\"elementor-element elementor-element-f3ae340 elementor-widget elementor-widget-image\" data-id=\"f3ae340\" data-element_type=\"widget\" data-e-type=\"widget\" data-widget_type=\"image.default\">\n\t\t\t\t<div class=\"elementor-widget-container\">\n\t\t\t\t\t\t\t\t\t\t\t\t\t\t\t<img decoding=\"async\" width=\"150\" height=\"150\" src=\"https:\/\/le-rite.fr\/wp-content\/uploads\/2023\/10\/icone-ressources-150x150.png\" class=\"attachment-thumbnail size-thumbnail wp-image-896\" alt=\"icone ressource\" \/>\t\t\t\t\t\t\t\t\t\t\t\t\t\t\t<\/div>\n\t\t\t\t<\/div>\n\t\t\t\t<div class=\"elementor-element elementor-element-8a37dc1 elementor-widget elementor-widget-heading\" data-id=\"8a37dc1\" data-element_type=\"widget\" data-e-type=\"widget\" data-widget_type=\"heading.default\">\n\t\t\t\t<div class=\"elementor-widget-container\">\n\t\t\t\t\t<h2 class=\"elementor-heading-title elementor-size-default\">M\u00e9moires \u00e9tudiants<\/h2>\t\t\t\t<\/div>\n\t\t\t\t<\/div>\n\t\t\t\t<div class=\"elementor-element elementor-element-8b5717f elementor-widget elementor-widget-text-editor\" data-id=\"8b5717f\" data-element_type=\"widget\" data-e-type=\"widget\" data-widget_type=\"text-editor.default\">\n\t\t\t\t<div class=\"elementor-widget-container\">\n\t\t\t\t\t\t\t\t\t<p>Retrouvez les m\u00e9moires de nos \u00e9tudiants en t\u00e9l\u00e9chargement<\/p>\t\t\t\t\t\t\t\t<\/div>\n\t\t\t\t<\/div>\n\t\t\t\t<div class=\"elementor-element elementor-element-9ed40b7 elementor-align-center elementor-widget elementor-widget-button\" data-id=\"9ed40b7\" data-element_type=\"widget\" data-e-type=\"widget\" data-widget_type=\"button.default\">\n\t\t\t\t<div class=\"elementor-widget-container\">\n\t\t\t\t\t\t\t\t\t<div class=\"elementor-button-wrapper\">\n\t\t\t\t\t<a class=\"elementor-button elementor-button-link elementor-size-sm\" href=\"https:\/\/le-rite.fr\/index.php\/memoires-etudiants\/\">\n\t\t\t\t\t\t<span class=\"elementor-button-content-wrapper\">\n\t\t\t\t\t\t\t\t\t<span class=\"elementor-button-text\">Acc\u00e9der<\/span>\n\t\t\t\t\t<\/span>\n\t\t\t\t\t<\/a>\n\t\t\t\t<\/div>\n\t\t\t\t\t\t\t\t<\/div>\n\t\t\t\t<\/div>\n\t\t\t\t<\/div>\n\t\t<div class=\"elementor-element elementor-element-1486e81 e-con-full e-flex e-con e-child\" data-id=\"1486e81\" data-element_type=\"container\" data-e-type=\"container\" data-settings=\"{&quot;background_background&quot;:&quot;classic&quot;}\">\n\t\t\t\t<div class=\"elementor-element elementor-element-12c9e92 elementor-widget elementor-widget-image\" data-id=\"12c9e92\" data-element_type=\"widget\" data-e-type=\"widget\" data-widget_type=\"image.default\">\n\t\t\t\t<div class=\"elementor-widget-container\">\n\t\t\t\t\t\t\t\t\t\t\t\t\t\t\t<img decoding=\"async\" width=\"150\" height=\"150\" src=\"https:\/\/le-rite.fr\/wp-content\/uploads\/2023\/10\/icone-ressources-150x150.png\" class=\"attachment-thumbnail size-thumbnail wp-image-896\" alt=\"icone ressource\" \/>\t\t\t\t\t\t\t\t\t\t\t\t\t\t\t<\/div>\n\t\t\t\t<\/div>\n\t\t\t\t<div class=\"elementor-element elementor-element-34a70c6 elementor-widget elementor-widget-heading\" data-id=\"34a70c6\" data-element_type=\"widget\" data-e-type=\"widget\" data-widget_type=\"heading.default\">\n\t\t\t\t<div class=\"elementor-widget-container\">\n\t\t\t\t\t<h2 class=\"elementor-heading-title elementor-size-default\">Les tr\u00e9sors d'archives du Th\u00e9\u00e2tre \u00c9ducation<\/h2>\t\t\t\t<\/div>\n\t\t\t\t<\/div>\n\t\t\t\t<div class=\"elementor-element elementor-element-d13995e elementor-widget elementor-widget-text-editor\" data-id=\"d13995e\" data-element_type=\"widget\" data-e-type=\"widget\" data-widget_type=\"text-editor.default\">\n\t\t\t\t<div class=\"elementor-widget-container\">\n\t\t\t\t\t\t\t\t\t<p>Retrouvez des textes qui ont fait date dans l&rsquo;histoire du Th\u00e9\u00e2tre \u00c9ducation<\/p>\t\t\t\t\t\t\t\t<\/div>\n\t\t\t\t<\/div>\n\t\t\t\t<div class=\"elementor-element elementor-element-657dbba elementor-align-center elementor-widget elementor-widget-button\" data-id=\"657dbba\" data-element_type=\"widget\" data-e-type=\"widget\" data-widget_type=\"button.default\">\n\t\t\t\t<div class=\"elementor-widget-container\">\n\t\t\t\t\t\t\t\t\t<div class=\"elementor-button-wrapper\">\n\t\t\t\t\t<a class=\"elementor-button elementor-button-link elementor-size-sm\" href=\"https:\/\/le-rite.fr\/index.php\/les-tresors-darchives-du-theatre-education\/\">\n\t\t\t\t\t\t<span class=\"elementor-button-content-wrapper\">\n\t\t\t\t\t\t\t\t\t<span class=\"elementor-button-text\">Acc\u00e9der<\/span>\n\t\t\t\t\t<\/span>\n\t\t\t\t\t<\/a>\n\t\t\t\t<\/div>\n\t\t\t\t\t\t\t\t<\/div>\n\t\t\t\t<\/div>\n\t\t\t\t<\/div>\n\t\t<div class=\"elementor-element elementor-element-f998ebe e-con-full e-flex e-con e-child\" data-id=\"f998ebe\" data-element_type=\"container\" data-e-type=\"container\" data-settings=\"{&quot;background_background&quot;:&quot;classic&quot;}\">\n\t\t\t\t<div class=\"elementor-element elementor-element-2bfada5 elementor-widget elementor-widget-image\" data-id=\"2bfada5\" data-element_type=\"widget\" data-e-type=\"widget\" data-widget_type=\"image.default\">\n\t\t\t\t<div class=\"elementor-widget-container\">\n\t\t\t\t\t\t\t\t\t\t\t\t\t\t\t<img decoding=\"async\" width=\"150\" height=\"150\" src=\"https:\/\/le-rite.fr\/wp-content\/uploads\/2023\/10\/icone-ressources-150x150.png\" class=\"attachment-thumbnail size-thumbnail wp-image-896\" alt=\"icone ressource\" \/>\t\t\t\t\t\t\t\t\t\t\t\t\t\t\t<\/div>\n\t\t\t\t<\/div>\n\t\t\t\t<div class=\"elementor-element elementor-element-ea8c3a3 elementor-widget elementor-widget-heading\" data-id=\"ea8c3a3\" data-element_type=\"widget\" data-e-type=\"widget\" data-widget_type=\"heading.default\">\n\t\t\t\t<div class=\"elementor-widget-container\">\n\t\t\t\t\t<h2 class=\"elementor-heading-title elementor-size-default\">Articles<\/h2>\t\t\t\t<\/div>\n\t\t\t\t<\/div>\n\t\t\t\t<div class=\"elementor-element elementor-element-cf79aa1 elementor-widget elementor-widget-text-editor\" data-id=\"cf79aa1\" data-element_type=\"widget\" data-e-type=\"widget\" data-widget_type=\"text-editor.default\">\n\t\t\t\t<div class=\"elementor-widget-container\">\n\t\t\t\t\t\t\t\t\t<p>Soyez inspir\u00e9s par des articles r\u00e9cents autour du th\u00e9\u00e2tre \u00e9ducation en France<\/p>\t\t\t\t\t\t\t\t<\/div>\n\t\t\t\t<\/div>\n\t\t\t\t<div class=\"elementor-element elementor-element-73bfb0a elementor-align-center elementor-widget elementor-widget-button\" data-id=\"73bfb0a\" data-element_type=\"widget\" data-e-type=\"widget\" data-widget_type=\"button.default\">\n\t\t\t\t<div class=\"elementor-widget-container\">\n\t\t\t\t\t\t\t\t\t<div class=\"elementor-button-wrapper\">\n\t\t\t\t\t<a class=\"elementor-button elementor-button-link elementor-size-sm\" href=\"https:\/\/le-rite.fr\/index.php\/memoires-etudiants\/\">\n\t\t\t\t\t\t<span class=\"elementor-button-content-wrapper\">\n\t\t\t\t\t\t\t\t\t<span class=\"elementor-button-text\">Acc\u00e9der<\/span>\n\t\t\t\t\t<\/span>\n\t\t\t\t\t<\/a>\n\t\t\t\t<\/div>\n\t\t\t\t\t\t\t\t<\/div>\n\t\t\t\t<\/div>\n\t\t\t\t<\/div>\n\t\t<div class=\"elementor-element elementor-element-2b552bf e-con-full e-flex e-con e-child\" data-id=\"2b552bf\" data-element_type=\"container\" data-e-type=\"container\" data-settings=\"{&quot;background_background&quot;:&quot;classic&quot;}\">\n\t\t\t\t<div class=\"elementor-element elementor-element-8dabea2 elementor-widget elementor-widget-image\" data-id=\"8dabea2\" data-element_type=\"widget\" data-e-type=\"widget\" data-widget_type=\"image.default\">\n\t\t\t\t<div class=\"elementor-widget-container\">\n\t\t\t\t\t\t\t\t\t\t\t\t\t\t\t<img decoding=\"async\" width=\"150\" height=\"150\" src=\"https:\/\/le-rite.fr\/wp-content\/uploads\/2023\/10\/icone-ressources-150x150.png\" class=\"attachment-thumbnail size-thumbnail wp-image-896\" alt=\"icone ressource\" \/>\t\t\t\t\t\t\t\t\t\t\t\t\t\t\t<\/div>\n\t\t\t\t<\/div>\n\t\t\t\t<div class=\"elementor-element elementor-element-4dacabd elementor-widget elementor-widget-heading\" data-id=\"4dacabd\" data-element_type=\"widget\" data-e-type=\"widget\" data-widget_type=\"heading.default\">\n\t\t\t\t<div class=\"elementor-widget-container\">\n\t\t\t\t\t<h2 class=\"elementor-heading-title elementor-size-default\">Bibliographie<\/h2>\t\t\t\t<\/div>\n\t\t\t\t<\/div>\n\t\t\t\t<div class=\"elementor-element elementor-element-d2e3942 elementor-widget elementor-widget-text-editor\" data-id=\"d2e3942\" data-element_type=\"widget\" data-e-type=\"widget\" data-widget_type=\"text-editor.default\">\n\t\t\t\t<div class=\"elementor-widget-container\">\n\t\t\t\t\t\t\t\t\t<p>Des ouvrages de r\u00e9f\u00e9rence que nous recommandons apr\u00e8s lecture<\/p>\t\t\t\t\t\t\t\t<\/div>\n\t\t\t\t<\/div>\n\t\t\t\t<div class=\"elementor-element elementor-element-2771ee3 elementor-align-center elementor-widget elementor-widget-button\" data-id=\"2771ee3\" data-element_type=\"widget\" data-e-type=\"widget\" data-widget_type=\"button.default\">\n\t\t\t\t<div class=\"elementor-widget-container\">\n\t\t\t\t\t\t\t\t\t<div class=\"elementor-button-wrapper\">\n\t\t\t\t\t<a class=\"elementor-button elementor-button-link elementor-size-sm\" href=\"https:\/\/le-rite.fr\/index.php\/memoires-etudiants\/\">\n\t\t\t\t\t\t<span class=\"elementor-button-content-wrapper\">\n\t\t\t\t\t\t\t\t\t<span class=\"elementor-button-text\">Acc\u00e9der<\/span>\n\t\t\t\t\t<\/span>\n\t\t\t\t\t<\/a>\n\t\t\t\t<\/div>\n\t\t\t\t\t\t\t\t<\/div>\n\t\t\t\t<\/div>\n\t\t\t\t<\/div>\n\t\t\t\t\t<\/div>\n\t\t\t\t<\/div>\n\t\t\t\t<\/div>\n\t\t","protected":false},"excerpt":{"rendered":"<p>Ressources &#8211; Trouvez la bonne ressource p\u00e9dagogique M\u00e9moires \u00e9tudiants Retrouvez les m\u00e9moires de nos \u00e9tudiants en t\u00e9l\u00e9chargement Acc\u00e9der Les tr\u00e9sors d&rsquo;archives du Th\u00e9\u00e2tre \u00c9ducation Retrouvez des textes qui ont fait date dans l&rsquo;histoire du Th\u00e9\u00e2tre \u00c9ducation Acc\u00e9der Articles Soyez inspir\u00e9s par des articles r\u00e9cents autour du th\u00e9\u00e2tre \u00e9ducation en France Acc\u00e9der Bibliographie Des ouvrages de [&hellip;]<\/p>\n","protected":false},"author":1,"featured_media":0,"parent":0,"menu_order":0,"comment_status":"closed","ping_status":"closed","template":"","meta":{"footnotes":""},"class_list":["post-58","page","type-page","status-publish","hentry"],"yoast_head":"<!-- This site is optimized with the Yoast SEO plugin v26.9 - https:\/\/yoast.com\/product\/yoast-seo-wordpress\/ -->\n<title>Ressources - Le R.I.T.E<\/title>\n<meta name=\"robots\" content=\"index, follow, max-snippet:-1, max-image-preview:large, max-video-preview:-1\" \/>\n<link rel=\"canonical\" href=\"https:\/\/le-rite.fr\/index.php\/ressources-2\/\" \/>\n<meta property=\"og:locale\" content=\"fr_FR\" \/>\n<meta property=\"og:type\" content=\"article\" \/>\n<meta property=\"og:title\" content=\"Ressources - Le R.I.T.E\" \/>\n<meta property=\"og:description\" content=\"Ressources &#8211; Trouvez la bonne ressource p\u00e9dagogique M\u00e9moires \u00e9tudiants Retrouvez les m\u00e9moires de nos \u00e9tudiants en t\u00e9l\u00e9chargement Acc\u00e9der Les tr\u00e9sors d&rsquo;archives du Th\u00e9\u00e2tre \u00c9ducation Retrouvez des textes qui ont fait date dans l&rsquo;histoire du Th\u00e9\u00e2tre \u00c9ducation Acc\u00e9der Articles Soyez inspir\u00e9s par des articles r\u00e9cents autour du th\u00e9\u00e2tre \u00e9ducation en France Acc\u00e9der Bibliographie Des ouvrages de [&hellip;]\" \/>\n<meta property=\"og:url\" content=\"https:\/\/le-rite.fr\/index.php\/ressources-2\/\" \/>\n<meta property=\"og:site_name\" content=\"Le R.I.T.E\" \/>\n<meta property=\"article:modified_time\" content=\"2024-03-27T17:17:54+00:00\" \/>\n<meta property=\"og:image\" content=\"http:\/\/le-rite.fr\/wp-content\/uploads\/2023\/10\/icone-ressources-150x150.png\" \/>\n<meta name=\"twitter:card\" content=\"summary_large_image\" \/>\n<script type=\"application\/ld+json\" class=\"yoast-schema-graph\">{\"@context\":\"https:\/\/schema.org\",\"@graph\":[{\"@type\":\"WebPage\",\"@id\":\"https:\/\/le-rite.fr\/index.php\/ressources-2\/\",\"url\":\"https:\/\/le-rite.fr\/index.php\/ressources-2\/\",\"name\":\"Ressources - Le R.I.T.E\",\"isPartOf\":{\"@id\":\"https:\/\/le-rite.fr\/#website\"},\"primaryImageOfPage\":{\"@id\":\"https:\/\/le-rite.fr\/index.php\/ressources-2\/#primaryimage\"},\"image\":{\"@id\":\"https:\/\/le-rite.fr\/index.php\/ressources-2\/#primaryimage\"},\"thumbnailUrl\":\"http:\/\/le-rite.fr\/wp-content\/uploads\/2023\/10\/icone-ressources-150x150.png\",\"datePublished\":\"2023-10-16T15:01:41+00:00\",\"dateModified\":\"2024-03-27T17:17:54+00:00\",\"breadcrumb\":{\"@id\":\"https:\/\/le-rite.fr\/index.php\/ressources-2\/#breadcrumb\"},\"inLanguage\":\"fr-FR\",\"potentialAction\":[{\"@type\":\"ReadAction\",\"target\":[\"https:\/\/le-rite.fr\/index.php\/ressources-2\/\"]}]},{\"@type\":\"ImageObject\",\"inLanguage\":\"fr-FR\",\"@id\":\"https:\/\/le-rite.fr\/index.php\/ressources-2\/#primaryimage\",\"url\":\"http:\/\/le-rite.fr\/wp-content\/uploads\/2023\/10\/icone-ressources-150x150.png\",\"contentUrl\":\"http:\/\/le-rite.fr\/wp-content\/uploads\/2023\/10\/icone-ressources-150x150.png\"},{\"@type\":\"BreadcrumbList\",\"@id\":\"https:\/\/le-rite.fr\/index.php\/ressources-2\/#breadcrumb\",\"itemListElement\":[{\"@type\":\"ListItem\",\"position\":1,\"name\":\"Accueil\",\"item\":\"https:\/\/le-rite.fr\/\"},{\"@type\":\"ListItem\",\"position\":2,\"name\":\"Ressources\"}]},{\"@type\":\"WebSite\",\"@id\":\"https:\/\/le-rite.fr\/#website\",\"url\":\"https:\/\/le-rite.fr\/\",\"name\":\"Le R.I.T.E\",\"description\":\"Le r\u00e9seau des intervenants en th\u00e9\u00e2tre \u00e9ducation\",\"publisher\":{\"@id\":\"https:\/\/le-rite.fr\/#organization\"},\"potentialAction\":[{\"@type\":\"SearchAction\",\"target\":{\"@type\":\"EntryPoint\",\"urlTemplate\":\"https:\/\/le-rite.fr\/?s={search_term_string}\"},\"query-input\":{\"@type\":\"PropertyValueSpecification\",\"valueRequired\":true,\"valueName\":\"search_term_string\"}}],\"inLanguage\":\"fr-FR\"},{\"@type\":\"Organization\",\"@id\":\"https:\/\/le-rite.fr\/#organization\",\"name\":\"Le R.I.T.E\",\"url\":\"https:\/\/le-rite.fr\/\",\"logo\":{\"@type\":\"ImageObject\",\"inLanguage\":\"fr-FR\",\"@id\":\"https:\/\/le-rite.fr\/#\/schema\/logo\/image\/\",\"url\":\"https:\/\/le-rite.fr\/wp-content\/uploads\/2023\/10\/logo-le-rite-v2.png\",\"contentUrl\":\"https:\/\/le-rite.fr\/wp-content\/uploads\/2023\/10\/logo-le-rite-v2.png\",\"width\":366,\"height\":285,\"caption\":\"Le R.I.T.E\"},\"image\":{\"@id\":\"https:\/\/le-rite.fr\/#\/schema\/logo\/image\/\"}}]}<\/script>\n<!-- \/ Yoast SEO plugin. -->","yoast_head_json":{"title":"Ressources - Le R.I.T.E","robots":{"index":"index","follow":"follow","max-snippet":"max-snippet:-1","max-image-preview":"max-image-preview:large","max-video-preview":"max-video-preview:-1"},"canonical":"https:\/\/le-rite.fr\/index.php\/ressources-2\/","og_locale":"fr_FR","og_type":"article","og_title":"Ressources - Le R.I.T.E","og_description":"Ressources &#8211; Trouvez la bonne ressource p\u00e9dagogique M\u00e9moires \u00e9tudiants Retrouvez les m\u00e9moires de nos \u00e9tudiants en t\u00e9l\u00e9chargement Acc\u00e9der Les tr\u00e9sors d&rsquo;archives du Th\u00e9\u00e2tre \u00c9ducation Retrouvez des textes qui ont fait date dans l&rsquo;histoire du Th\u00e9\u00e2tre \u00c9ducation Acc\u00e9der Articles Soyez inspir\u00e9s par des articles r\u00e9cents autour du th\u00e9\u00e2tre \u00e9ducation en France Acc\u00e9der Bibliographie Des ouvrages de [&hellip;]","og_url":"https:\/\/le-rite.fr\/index.php\/ressources-2\/","og_site_name":"Le R.I.T.E","article_modified_time":"2024-03-27T17:17:54+00:00","og_image":[{"url":"http:\/\/le-rite.fr\/wp-content\/uploads\/2023\/10\/icone-ressources-150x150.png","type":"","width":"","height":""}],"twitter_card":"summary_large_image","schema":{"@context":"https:\/\/schema.org","@graph":[{"@type":"WebPage","@id":"https:\/\/le-rite.fr\/index.php\/ressources-2\/","url":"https:\/\/le-rite.fr\/index.php\/ressources-2\/","name":"Ressources - Le R.I.T.E","isPartOf":{"@id":"https:\/\/le-rite.fr\/#website"},"primaryImageOfPage":{"@id":"https:\/\/le-rite.fr\/index.php\/ressources-2\/#primaryimage"},"image":{"@id":"https:\/\/le-rite.fr\/index.php\/ressources-2\/#primaryimage"},"thumbnailUrl":"http:\/\/le-rite.fr\/wp-content\/uploads\/2023\/10\/icone-ressources-150x150.png","datePublished":"2023-10-16T15:01:41+00:00","dateModified":"2024-03-27T17:17:54+00:00","breadcrumb":{"@id":"https:\/\/le-rite.fr\/index.php\/ressources-2\/#breadcrumb"},"inLanguage":"fr-FR","potentialAction":[{"@type":"ReadAction","target":["https:\/\/le-rite.fr\/index.php\/ressources-2\/"]}]},{"@type":"ImageObject","inLanguage":"fr-FR","@id":"https:\/\/le-rite.fr\/index.php\/ressources-2\/#primaryimage","url":"http:\/\/le-rite.fr\/wp-content\/uploads\/2023\/10\/icone-ressources-150x150.png","contentUrl":"http:\/\/le-rite.fr\/wp-content\/uploads\/2023\/10\/icone-ressources-150x150.png"},{"@type":"BreadcrumbList","@id":"https:\/\/le-rite.fr\/index.php\/ressources-2\/#breadcrumb","itemListElement":[{"@type":"ListItem","position":1,"name":"Accueil","item":"https:\/\/le-rite.fr\/"},{"@type":"ListItem","position":2,"name":"Ressources"}]},{"@type":"WebSite","@id":"https:\/\/le-rite.fr\/#website","url":"https:\/\/le-rite.fr\/","name":"Le R.I.T.E","description":"Le r\u00e9seau des intervenants en th\u00e9\u00e2tre \u00e9ducation","publisher":{"@id":"https:\/\/le-rite.fr\/#organization"},"potentialAction":[{"@type":"SearchAction","target":{"@type":"EntryPoint","urlTemplate":"https:\/\/le-rite.fr\/?s={search_term_string}"},"query-input":{"@type":"PropertyValueSpecification","valueRequired":true,"valueName":"search_term_string"}}],"inLanguage":"fr-FR"},{"@type":"Organization","@id":"https:\/\/le-rite.fr\/#organization","name":"Le R.I.T.E","url":"https:\/\/le-rite.fr\/","logo":{"@type":"ImageObject","inLanguage":"fr-FR","@id":"https:\/\/le-rite.fr\/#\/schema\/logo\/image\/","url":"https:\/\/le-rite.fr\/wp-content\/uploads\/2023\/10\/logo-le-rite-v2.png","contentUrl":"https:\/\/le-rite.fr\/wp-content\/uploads\/2023\/10\/logo-le-rite-v2.png","width":366,"height":285,"caption":"Le R.I.T.E"},"image":{"@id":"https:\/\/le-rite.fr\/#\/schema\/logo\/image\/"}}]}},"_links":{"self":[{"href":"https:\/\/le-rite.fr\/index.php\/wp-json\/wp\/v2\/pages\/58","targetHints":{"allow":["GET"]}}],"collection":[{"href":"https:\/\/le-rite.fr\/index.php\/wp-json\/wp\/v2\/pages"}],"about":[{"href":"https:\/\/le-rite.fr\/index.php\/wp-json\/wp\/v2\/types\/page"}],"author":[{"embeddable":true,"href":"https:\/\/le-rite.fr\/index.php\/wp-json\/wp\/v2\/users\/1"}],"replies":[{"embeddable":true,"href":"https:\/\/le-rite.fr\/index.php\/wp-json\/wp\/v2\/comments?post=58"}],"version-history":[{"count":38,"href":"https:\/\/le-rite.fr\/index.php\/wp-json\/wp\/v2\/pages\/58\/revisions"}],"predecessor-version":[{"id":1884,"href":"https:\/\/le-rite.fr\/index.php\/wp-json\/wp\/v2\/pages\/58\/revisions\/1884"}],"wp:attachment":[{"href":"https:\/\/le-rite.fr\/index.php\/wp-json\/wp\/v2\/media?parent=58"}],"curies":[{"name":"wp","href":"https:\/\/api.w.org\/{rel}","templated":true}]}}